{"id":136,"date":"2022-10-13T16:10:15","date_gmt":"2022-10-13T14:10:15","guid":{"rendered":"https:\/\/ehpad-mandelieu.fr\/?page_id=136"},"modified":"2022-12-01T15:06:11","modified_gmt":"2022-12-01T14:06:11","slug":"laccompagnement-psychologique","status":"publish","type":"page","link":"https:\/\/ehpad-mandelieu.fr\/index.php\/le-projet-de-floribunda\/laccompagnement-psychologique\/","title":{"rendered":"L\u2019accompagnement th\u00e9rapeutique"},"content":{"rendered":"\n<figure class=\"wp-block-image size-large\"><img loading=\"lazy\" decoding=\"async\" width=\"1024\" height=\"356\" src=\"https:\/\/ehpad-mandelieu.fr\/wp-content\/uploads\/2022\/10\/salon-1024x356.jpg\" alt=\"\" class=\"wp-image-125\" srcset=\"https:\/\/ehpad-mandelieu.fr\/wp-content\/uploads\/2022\/10\/salon-1024x356.jpg 1024w, https:\/\/ehpad-mandelieu.fr\/wp-content\/uploads\/2022\/10\/salon-300x104.jpg 300w, https:\/\/ehpad-mandelieu.fr\/wp-content\/uploads\/2022\/10\/salon-768x267.jpg 768w, https:\/\/ehpad-mandelieu.fr\/wp-content\/uploads\/2022\/10\/salon-150x52.jpg 150w, https:\/\/ehpad-mandelieu.fr\/wp-content\/uploads\/2022\/10\/salon.jpg 1180w\" sizes=\"auto, (max-width: 1024px) 100vw, 1024px\" \/><\/figure>\n\n\n\n<p><\/p>\n\n\n\n<p>Nous employons une psychologue, \u00e0 temps partiel sur l&rsquo;\u00e9tablissement sur&nbsp;0.70 ETP (un mi-temps sur l\u2019EHPAD, 0.20 ETP sur le PASA). Son r\u00f4le principal est de faire reconnaitre et&nbsp;respecter la personne dans sa dimension psychique et dans sa dignit\u00e9.<\/p>\n\n\n\n<p><strong>Ses champs d&rsquo;interventions sont multiples sur l\u2019\u00e9tablissement :<\/strong><\/p>\n\n\n\n<p>Pour les r\u00e9sidents : elle intervient aupr\u00e8s d&rsquo;eux en premier lieu pour faciliter leur int\u00e9gration. Elle est ensuite r\u00e9f\u00e9rente de la mise en \u0153uvre et du suivi des projets d\u2019accompagnements personnalis\u00e9s, les P.A.P. Ce sont des outils permettant de cibler des objectifs et de personnaliser l&rsquo;accompagnement des r\u00e9sidents en fonctions de leurs attentes et leurs besoins sp\u00e9cifiques. Cela se construit en collaboration avec le r\u00e9sident, l&rsquo;\u00e9quipe pluridisciplinaire et la personne de confiance du r\u00e9sident.&nbsp;&nbsp;<br>Elle assure un suivi psychologique r\u00e9gulier des r\u00e9sidents en fonction des demandes et n\u00e9cessit\u00e9s, et anime \u00e9galement des ateliers \u00e0 vis\u00e9e th\u00e9rapeutiques au sein du P.A.S.A. <\/p>\n\n\n\n<h3 class=\"wp-block-heading\">Pour les familles :<\/h3>\n\n\n\n<p> Un premier contact a lieu suite \u00e0 l&rsquo;entr\u00e9e du r\u00e9sident puis lors de la mise \u00e0 jour des projets d&rsquo;accompagnement personnalis\u00e9s. Un soutien aux proches est propos\u00e9 d\u00e8s l&rsquo;entr\u00e9e du r\u00e9sident pour \u00e9changer autour des situations parfois complexes sur plan relationnel et\/ou autour des troubles psychologiques. Ce soutien peut s&rsquo;organiser \u00e9galement par la suite \u00e0 la demande et\/ou en fonction des n\u00e9cessit\u00e9s.&nbsp;<\/p>\n\n\n\n<h3 class=\"wp-block-heading\">Pour les professionnels de l\u2019\u00e9tablissement : <\/h3>\n\n\n\n<p>Elle propose une \u00e9coute individuelle et\/ou collective pour sensibiliser \u00e0 la dimension psychique des situations, faciliter les prises de distances et animer des r\u00e9flexions collectives.&nbsp;<\/p>\n\n\n\n<p><strong>Pour la contacter :&nbsp;<\/strong><br>Ses jours de pr\u00e9sence sont le lundi, mardi et vendredi de 8h30 \u00e0 12h30 puis de 13h30 \u00e0 17h30.&nbsp;Elle est \u00e9galement joignable par t\u00e9l\u00e9phone en passant par l&rsquo;accueil ou par mail : <a href=\"mailto:ehpad.psy@mairie-mandelieu.fr\">ehpad.psy@mairie-mandelieu.fr<\/a><\/p>\n\n\n\n<p><\/p>\n","protected":false},"excerpt":{"rendered":"<p>Nous employons une psychologue, \u00e0 temps partiel sur l&rsquo;\u00e9tablissement sur&nbsp;0.70 ETP (un mi-temps sur l\u2019EHPAD, 0.20 ETP sur le PASA). Son r\u00f4le principal est de faire reconnaitre et&nbsp;respecter la personne dans sa dimension psychique et dans sa dignit\u00e9. Ses champs d&rsquo;interventions sont multiples sur l\u2019\u00e9tablissement : Pour les r\u00e9sidents :&#8230;<\/p>\n<p class=\"continue-reading-button\"> <a class=\"continue-reading-link\" href=\"https:\/\/ehpad-mandelieu.fr\/index.php\/le-projet-de-floribunda\/laccompagnement-psychologique\/\">Continue reading<i class=\"crycon-right-dir\"><\/i><\/a><\/p>\n","protected":false},"author":1,"featured_media":0,"parent":28,"menu_order":0,"comment_status":"closed","ping_status":"closed","template":"","meta":{"footnotes":""},"class_list":["post-136","page","type-page","status-publish","hentry"],"_links":{"self":[{"href":"https:\/\/ehpad-mandelieu.fr\/index.php\/wp-json\/wp\/v2\/pages\/136","targetHints":{"allow":["GET"]}}],"collection":[{"href":"https:\/\/ehpad-mandelieu.fr\/index.php\/wp-json\/wp\/v2\/pages"}],"about":[{"href":"https:\/\/ehpad-mandelieu.fr\/index.php\/wp-json\/wp\/v2\/types\/page"}],"author":[{"embeddable":true,"href":"https:\/\/ehpad-mandelieu.fr\/index.php\/wp-json\/wp\/v2\/users\/1"}],"replies":[{"embeddable":true,"href":"https:\/\/ehpad-mandelieu.fr\/index.php\/wp-json\/wp\/v2\/comments?post=136"}],"version-history":[{"count":8,"href":"https:\/\/ehpad-mandelieu.fr\/index.php\/wp-json\/wp\/v2\/pages\/136\/revisions"}],"predecessor-version":[{"id":292,"href":"https:\/\/ehpad-mandelieu.fr\/index.php\/wp-json\/wp\/v2\/pages\/136\/revisions\/292"}],"up":[{"embeddable":true,"href":"https:\/\/ehpad-mandelieu.fr\/index.php\/wp-json\/wp\/v2\/pages\/28"}],"wp:attachment":[{"href":"https:\/\/ehpad-mandelieu.fr\/index.php\/wp-json\/wp\/v2\/media?parent=136"}],"curies":[{"name":"wp","href":"https:\/\/api.w.org\/{rel}","templated":true}]}}

L’accompagnement thérapeutique

<figure class="wp-block-image size-large"><img loading="lazy" decoding="async" width="1024" height="356" src="https://ehpad-mandelieu.fr/wp-content/uploads/2022/10/salon-1024x356.jpg" alt="" class="wp-image-125" srcset="https://ehpad-mandelieu.fr/wp-content/uploads/2022/10/salon-1024x356.jpg 1024w, https://ehpad-mandelieu.fr/wp-content/uploads/2022/10/salon-300x104.jpg 300w, https://ehpad-mandelieu.fr/wp-content/uploads/2022/10/salon-768x267.jpg 768w, https://ehpad-mandelieu.fr/wp-content/uploads/2022/10/salon-150x52.jpg 150w, https://ehpad-mandelieu.fr/wp-content/uploads/2022/10/salon.jpg 1180w" sizes="auto, (max-width: 1024px) 100vw, 1024px" /></figure>



<p></p>



<p>Nous employons une psychologue, à temps partiel sur l&rsquo;établissement sur&nbsp;0.70 ETP (un mi-temps sur l’EHPAD, 0.20 ETP sur le PASA). Son rôle principal est de faire reconnaitre et&nbsp;respecter la personne dans sa dimension psychique et dans sa dignité.</p>



<p><strong>Ses champs d&rsquo;interventions sont multiples sur l’établissement :</strong></p>



<p>Pour les résidents : elle intervient auprès d&rsquo;eux en premier lieu pour faciliter leur intégration. Elle est ensuite référente de la mise en œuvre et du suivi des projets d’accompagnements personnalisés, les P.A.P. Ce sont des outils permettant de cibler des objectifs et de personnaliser l&rsquo;accompagnement des résidents en fonctions de leurs attentes et leurs besoins spécifiques. Cela se construit en collaboration avec le résident, l&rsquo;équipe pluridisciplinaire et la personne de confiance du résident.&nbsp;&nbsp;<br>Elle assure un suivi psychologique régulier des résidents en fonction des demandes et nécessités, et anime également des ateliers à visée thérapeutiques au sein du P.A.S.A. </p>



<h3 class="wp-block-heading">Pour les familles :</h3>



<p> Un premier contact a lieu suite à l&rsquo;entrée du résident puis lors de la mise à jour des projets d&rsquo;accompagnement personnalisés. Un soutien aux proches est proposé dès l&rsquo;entrée du résident pour échanger autour des situations parfois complexes sur plan relationnel et/ou autour des troubles psychologiques. Ce soutien peut s&rsquo;organiser également par la suite à la demande et/ou en fonction des nécessités.&nbsp;</p>



<h3 class="wp-block-heading">Pour les professionnels de l’établissement : </h3>



<p>Elle propose une écoute individuelle et/ou collective pour sensibiliser à la dimension psychique des situations, faciliter les prises de distances et animer des réflexions collectives.&nbsp;</p>



<p><strong>Pour la contacter :&nbsp;</strong><br>Ses jours de présence sont le lundi, mardi et vendredi de 8h30 à 12h30 puis de 13h30 à 17h30.&nbsp;Elle est également joignable par téléphone en passant par l&rsquo;accueil ou par mail : <a href="mailto:ehpad.psy@mairie-mandelieu.fr">ehpad.psy@mairie-mandelieu.fr</a></p>



<p></p>

<p>Nous employons une psychologue, à temps partiel sur l&rsquo;établissement sur&nbsp;0.70 ETP (un mi-temps sur l’EHPAD, 0.20 ETP sur le PASA). Son rôle principal est de faire reconnaitre et&nbsp;respecter la personne dans sa dimension psychique et dans sa dignité. Ses champs d&rsquo;interventions sont multiples sur l’établissement : Pour les résidents :&#8230;</p>
<p class="continue-reading-button"> <a class="continue-reading-link" href="https://ehpad-mandelieu.fr/index.php/le-projet-de-floribunda/laccompagnement-psychologique/">Continue reading<i class="crycon-right-dir"></i></a></p>
