{"id":34,"date":"2022-09-02T15:45:33","date_gmt":"2022-09-02T13:45:33","guid":{"rendered":"https:\/\/ehpad-mandelieu.fr\/?page_id=34"},"modified":"2022-12-15T15:01:54","modified_gmt":"2022-12-15T14:01:54","slug":"ressources-humaines-recrutement","status":"publish","type":"page","link":"https:\/\/ehpad-mandelieu.fr\/index.php\/ressources-humaines-recrutement\/","title":{"rendered":"Ressources humaines \/ Recrutement"},"content":{"rendered":"\n<figure class=\"wp-block-image size-large\"><img loading=\"lazy\" decoding=\"async\" width=\"1024\" height=\"356\" src=\"https:\/\/ehpad-mandelieu.fr\/wp-content\/uploads\/2022\/10\/personnel_1-1024x356.jpg\" alt=\"\" class=\"wp-image-127\" srcset=\"https:\/\/ehpad-mandelieu.fr\/wp-content\/uploads\/2022\/10\/personnel_1-1024x356.jpg 1024w, https:\/\/ehpad-mandelieu.fr\/wp-content\/uploads\/2022\/10\/personnel_1-300x104.jpg 300w, https:\/\/ehpad-mandelieu.fr\/wp-content\/uploads\/2022\/10\/personnel_1-768x267.jpg 768w, https:\/\/ehpad-mandelieu.fr\/wp-content\/uploads\/2022\/10\/personnel_1-150x52.jpg 150w, https:\/\/ehpad-mandelieu.fr\/wp-content\/uploads\/2022\/10\/personnel_1.jpg 1180w\" sizes=\"auto, (max-width: 1024px) 100vw, 1024px\" \/><\/figure>\n\n\n\n<h2 class=\"wp-block-heading\">Missions du p\u00f4le soins de l\u2019EHPAD<\/h2>\n\n\n\n<p>Soigner et prendre soin, assurer le bien-\u00eatre des r\u00e9sidents, assurer leur s\u00e9curit\u00e9, maintenir leur qualit\u00e9 de vie&#8230;<br>L\u2019organisation des soins : <\/p>\n\n\n\n<ul class=\"wp-block-list\">\n<li>Les objectifs du projet de soins sont d\u2019\u00e9mettre des pistes de r\u00e9flexion et de proposer des actions d\u2019am\u00e9lioration du soin.<\/li>\n\n\n\n<li>L\u2019\u00e9laboration du projet de soins engage les personnels dans les actions projet\u00e9es.<\/li>\n\n\n\n<li>Le projet de soins repose sur l\u2019organisation des soins, la coordination des intervenants autour du R\u00e9sident. Le projet de soins institutionnel doit tenir compte des projets de soins individualis\u00e9s.<\/li>\n\n\n\n<li>Les missions \u00e9tant de soigner et prendre soin, assure le bien-\u00eatre des r\u00e9sidents, assurer leur s\u00e9curit\u00e9 et maintenir leur qualit\u00e9 de vie.<\/li>\n\n\n\n<li>L\u2019organisation des soins a pour objectif d\u2019assurer la permanence des soins et le suivi m\u00e9dical des r\u00e9sidents.<\/li>\n<\/ul>\n\n\n\n<p><\/p>\n\n\n\n<p><\/p>\n\n\n\n<h2 class=\"wp-block-heading\">Recrutement<\/h2>\n\n\n\n<p>L\u2019EHPAD Floribunda est \u00e0 la recherche <\/p>\n\n\n\n<ul class=\"wp-block-list\">\n<li>Aides-soignants \u00e0 temps complet ou \u00e0 temps partiel de jour (7h-19h ou 8h-20h avec 2 heures de coupure)<\/li>\n\n\n\n<li>Infirmiers \u00e0 temps plein ou \u00e0 temps partiel (7h-19h avec 2 heures de coupure)<\/li>\n<\/ul>\n\n\n\n<p>Travail un week-end sur deux.<br>Avantages : mutuelle communale, 13<sup>\u00e8me<\/sup> mois, ch\u00e8ques cadeaux pour No\u00ebl des enfants et allocations vacances sous certaines conditions.<\/p>\n\n\n\n<p><strong>Contactez-nous : <a href=\"https:\/\/ehpad-mandelieu.fr\/index.php\/contacts\/\" data-type=\"URL\" data-id=\"https:\/\/ehpad-mandelieu.fr\/index.php\/contacts\/\">accueil.ehpad@mairie-mandelieu.fr<\/a><\/strong><\/p>\n","protected":false},"excerpt":{"rendered":"<p>Missions du p\u00f4le soins de l\u2019EHPAD Soigner et prendre soin, assurer le bien-\u00eatre des r\u00e9sidents, assurer leur s\u00e9curit\u00e9, maintenir leur qualit\u00e9 de vie&#8230;L\u2019organisation des soins : Recrutement L\u2019EHPAD Floribunda est \u00e0 la recherche Travail un week-end sur deux.Avantages : mutuelle communale, 13\u00e8me mois, ch\u00e8ques cadeaux pour No\u00ebl des enfants et&#8230;<\/p>\n<p class=\"continue-reading-button\"> <a class=\"continue-reading-link\" href=\"https:\/\/ehpad-mandelieu.fr\/index.php\/ressources-humaines-recrutement\/\">Continue reading<i class=\"crycon-right-dir\"><\/i><\/a><\/p>\n","protected":false},"author":1,"featured_media":0,"parent":0,"menu_order":0,"comment_status":"closed","ping_status":"closed","template":"","meta":{"footnotes":""},"class_list":["post-34","page","type-page","status-publish","hentry"],"_links":{"self":[{"href":"https:\/\/ehpad-mandelieu.fr\/index.php\/wp-json\/wp\/v2\/pages\/34","targetHints":{"allow":["GET"]}}],"collection":[{"href":"https:\/\/ehpad-mandelieu.fr\/index.php\/wp-json\/wp\/v2\/pages"}],"about":[{"href":"https:\/\/ehpad-mandelieu.fr\/index.php\/wp-json\/wp\/v2\/types\/page"}],"author":[{"embeddable":true,"href":"https:\/\/ehpad-mandelieu.fr\/index.php\/wp-json\/wp\/v2\/users\/1"}],"replies":[{"embeddable":true,"href":"https:\/\/ehpad-mandelieu.fr\/index.php\/wp-json\/wp\/v2\/comments?post=34"}],"version-history":[{"count":9,"href":"https:\/\/ehpad-mandelieu.fr\/index.php\/wp-json\/wp\/v2\/pages\/34\/revisions"}],"predecessor-version":[{"id":335,"href":"https:\/\/ehpad-mandelieu.fr\/index.php\/wp-json\/wp\/v2\/pages\/34\/revisions\/335"}],"wp:attachment":[{"href":"https:\/\/ehpad-mandelieu.fr\/index.php\/wp-json\/wp\/v2\/media?parent=34"}],"curies":[{"name":"wp","href":"https:\/\/api.w.org\/{rel}","templated":true}]}}