{"id":37,"date":"2022-09-02T15:46:58","date_gmt":"2022-09-02T13:46:58","guid":{"rendered":"https:\/\/ehpad-mandelieu.fr\/?page_id=37"},"modified":"2026-01-21T11:08:14","modified_gmt":"2026-01-21T10:08:14","slug":"documents-utiles","status":"publish","type":"page","link":"https:\/\/ehpad-mandelieu.fr\/index.php\/documents-utiles\/","title":{"rendered":"Documents utiles"},"content":{"rendered":"\n<figure class=\"wp-block-image size-large\"><img loading=\"lazy\" decoding=\"async\" width=\"1024\" height=\"356\" src=\"https:\/\/ehpad-mandelieu.fr\/wp-content\/uploads\/2022\/10\/ehpad-floribunda-1024x356.jpg\" alt=\"\" class=\"wp-image-133\" srcset=\"https:\/\/ehpad-mandelieu.fr\/wp-content\/uploads\/2022\/10\/ehpad-floribunda-1024x356.jpg 1024w, https:\/\/ehpad-mandelieu.fr\/wp-content\/uploads\/2022\/10\/ehpad-floribunda-300x104.jpg 300w, https:\/\/ehpad-mandelieu.fr\/wp-content\/uploads\/2022\/10\/ehpad-floribunda-768x267.jpg 768w, https:\/\/ehpad-mandelieu.fr\/wp-content\/uploads\/2022\/10\/ehpad-floribunda-150x52.jpg 150w, https:\/\/ehpad-mandelieu.fr\/wp-content\/uploads\/2022\/10\/ehpad-floribunda.jpg 1180w\" sizes=\"auto, (max-width: 1024px) 100vw, 1024px\" \/><\/figure>\n\n\n\n<h2 class=\"wp-block-heading\">Dossier d&rsquo;admission :<\/h2>\n\n\n\n<div style=\"height:10px\" aria-hidden=\"true\" class=\"wp-block-spacer\"><\/div>\n\n\n\n<p><a href=\"https:\/\/ehpad-mandelieu.fr\/wp-content\/uploads\/2026\/01\/dossier-dadmission.pdf\" data-type=\"URL\" data-id=\"https:\/\/ehpad-mandelieu.fr\/wp-content\/uploads\/2023\/01\/dossier-admission-2023.pdf\" target=\"_blank\" rel=\"noreferrer noopener\">Dossier d&rsquo;admission \u00e0 l&rsquo;Ehpad Floribunda<\/a><\/p>\n\n\n\n<p><\/p>\n\n\n\n<p><strong>Dossier de demande unique<\/strong> en vue d\u2019une admission permanente en \u00e9tablissement d\u2019h\u00e9bergement pour personnes \u00e2g\u00e9es d\u00e9pendantes (Ehpad) :  <a rel=\"noreferrer noopener\" href=\"https:\/\/ehpad-mandelieu.fr\/wp-content\/uploads\/2022\/10\/cerfa_14732-03.pdf\" data-type=\"URL\" data-id=\"https:\/\/ehpad-mandelieu.fr\/wp-content\/uploads\/2022\/10\/cerfa_14732-03.pdf\" target=\"_blank\">CERFA 14732-03<\/a><\/p>\n\n\n\n<p>Dossier m\u00e9dical datant de moins de 3 mois obligatoire<\/p>\n\n\n\n<p><\/p>\n\n\n\n<p>Dossiers \u00e0 transmettre \u00e0 l\u2019adresse : <a href=\"mailto:accueil.ehpad@mairie-mandelieu.fr\" data-type=\"mailto\" data-id=\"mailto:accueil.ehpad@mairie-mandelieu.fr\">accueil.ehpad@mairie-mandelieu.fr<\/a><\/p>\n","protected":false},"excerpt":{"rendered":"<p>Dossier d&rsquo;admission : Dossier d&rsquo;admission \u00e0 l&rsquo;Ehpad Floribunda Dossier de demande unique en vue d\u2019une admission permanente en \u00e9tablissement d\u2019h\u00e9bergement pour personnes \u00e2g\u00e9es d\u00e9pendantes (Ehpad) : CERFA 14732-03 Dossier m\u00e9dical datant de moins de 3 mois obligatoire Dossiers \u00e0 transmettre \u00e0 l\u2019adresse : accueil.ehpad@mairie-mandelieu.fr<\/p>\n<p class=\"continue-reading-button\"> <a class=\"continue-reading-link\" href=\"https:\/\/ehpad-mandelieu.fr\/index.php\/documents-utiles\/\">Continue reading<i class=\"crycon-right-dir\"><\/i><\/a><\/p>\n","protected":false},"author":1,"featured_media":0,"parent":0,"menu_order":0,"comment_status":"closed","ping_status":"closed","template":"","meta":{"footnotes":""},"class_list":["post-37","page","type-page","status-publish","hentry"],"_links":{"self":[{"href":"https:\/\/ehpad-mandelieu.fr\/index.php\/wp-json\/wp\/v2\/pages\/37","targetHints":{"allow":["GET"]}}],"collection":[{"href":"https:\/\/ehpad-mandelieu.fr\/index.php\/wp-json\/wp\/v2\/pages"}],"about":[{"href":"https:\/\/ehpad-mandelieu.fr\/index.php\/wp-json\/wp\/v2\/types\/page"}],"author":[{"embeddable":true,"href":"https:\/\/ehpad-mandelieu.fr\/index.php\/wp-json\/wp\/v2\/users\/1"}],"replies":[{"embeddable":true,"href":"https:\/\/ehpad-mandelieu.fr\/index.php\/wp-json\/wp\/v2\/comments?post=37"}],"version-history":[{"count":17,"href":"https:\/\/ehpad-mandelieu.fr\/index.php\/wp-json\/wp\/v2\/pages\/37\/revisions"}],"predecessor-version":[{"id":802,"href":"https:\/\/ehpad-mandelieu.fr\/index.php\/wp-json\/wp\/v2\/pages\/37\/revisions\/802"}],"wp:attachment":[{"href":"https:\/\/ehpad-mandelieu.fr\/index.php\/wp-json\/wp\/v2\/media?parent=37"}],"curies":[{"name":"wp","href":"https:\/\/api.w.org\/{rel}","templated":true}]}}

<figure class="wp-block-image size-large"><img loading="lazy" decoding="async" width="1024" height="356" src="https://ehpad-mandelieu.fr/wp-content/uploads/2022/10/ehpad-floribunda-1024x356.jpg" alt="" class="wp-image-133" srcset="https://ehpad-mandelieu.fr/wp-content/uploads/2022/10/ehpad-floribunda-1024x356.jpg 1024w, https://ehpad-mandelieu.fr/wp-content/uploads/2022/10/ehpad-floribunda-300x104.jpg 300w, https://ehpad-mandelieu.fr/wp-content/uploads/2022/10/ehpad-floribunda-768x267.jpg 768w, https://ehpad-mandelieu.fr/wp-content/uploads/2022/10/ehpad-floribunda-150x52.jpg 150w, https://ehpad-mandelieu.fr/wp-content/uploads/2022/10/ehpad-floribunda.jpg 1180w" sizes="auto, (max-width: 1024px) 100vw, 1024px" /></figure>



<h2 class="wp-block-heading">Dossier d&rsquo;admission :</h2>



<div style="height:10px" aria-hidden="true" class="wp-block-spacer"></div>



<p><a href="https://ehpad-mandelieu.fr/wp-content/uploads/2026/01/dossier-dadmission.pdf" data-type="URL" data-id="https://ehpad-mandelieu.fr/wp-content/uploads/2023/01/dossier-admission-2023.pdf" target="_blank" rel="noreferrer noopener">Dossier d&rsquo;admission à l&rsquo;Ehpad Floribunda</a></p>



<p></p>



<p><strong>Dossier de demande unique</strong> en vue d’une admission permanente en établissement d’hébergement pour personnes âgées dépendantes (Ehpad) :  <a rel="noreferrer noopener" href="https://ehpad-mandelieu.fr/wp-content/uploads/2022/10/cerfa_14732-03.pdf" data-type="URL" data-id="https://ehpad-mandelieu.fr/wp-content/uploads/2022/10/cerfa_14732-03.pdf" target="_blank">CERFA 14732-03</a></p>



<p>Dossier médical datant de moins de 3 mois obligatoire</p>



<p></p>



<p>Dossiers à transmettre à l’adresse : <a href="mailto:accueil.ehpad@mairie-mandelieu.fr" data-type="mailto" data-id="mailto:accueil.ehpad@mairie-mandelieu.fr">accueil.ehpad@mairie-mandelieu.fr</a></p>

<p>Dossier d&rsquo;admission : Dossier d&rsquo;admission à l&rsquo;Ehpad Floribunda Dossier de demande unique en vue d’une admission permanente en établissement d’hébergement pour personnes âgées dépendantes (Ehpad) : CERFA 14732-03 Dossier médical datant de moins de 3 mois obligatoire Dossiers à transmettre à l’adresse : accueil.ehpad@mairie-mandelieu.fr</p>
<p class="continue-reading-button"> <a class="continue-reading-link" href="https://ehpad-mandelieu.fr/index.php/documents-utiles/">Continue reading<i class="crycon-right-dir"></i></a></p>
